8*c + 22*c = 132. Let u = -12 - -108. Calculate the remainder when u is divided by c.
30
Let f be 1*-10*(-6)/15. Suppose 0 = -2*y + f*y + 2, 60 = 5*l - 5*y. What is the remainder when 41 is divided by l?
8
Let i(a) = -4*a - 9. What is the remainder when 58 is divided by i(-6)?
13
Let k be 26/(-5)*(-40)/16. Suppose 0 = 3*c - 4*c + k. What is the remainder when 64 is divided by c?
12
Let n(p) = 2*p**2 - 14*p + 7. What is the remainder when n(8) is divided by 15?
8
Let s be 38 + 1 + 0 + -1. Suppose -2*z + 8 = -s. Let p(q) = -q**2 + 18*q - 44. What is the remainder when z is divided by p(14)?
11
Suppose 3*k - 96 = -5*x - k, -5*k + 4 = -x. Suppose 2*d - 10 = 2. Calculate the remainder when x is divided by d.
4
Let s(u) = u**3 + 3*u**2 - 5*u + 3. What is the remainder when s(3) is divided by 23?
19
Let s = -47 - -78. Suppose r + 4*r = -4*d + s, -5*d + 5*r = -5. Calculate the remainder when 6 is divided by d.
2
Let t(m) be the third derivative of -m**6/120 - m**5/10 + m**4/12 + 5*m**3/6 - 3*m**2. What is the remainder when t(-7) is divided by 21?
19
Let o = 0 + 5. Suppose 9 = -o*l + 214. Let i = -25 - -39. Calculate the remainder when l is divided by i.
13
Suppose 202*t - 315 = 197*t. Calculate the remainder when 249 is divided by t.
60
Suppose -3*r - b + 26 = -0*b, 0 = -3*r - 5*b + 10. Calculate the remainder when 18 is divided by r.
8
Let f = 69 + -48. What is the remainder when 59 is divided by f?
17
Let i = -48 - -73. Suppose -4*m - m = -35. What is the remainder when i is divided by m?
4
Let n = -32 + 46. Calculate the remainder when 152 is divided by n.
12
What is the remainder when (53 + 3)*(-2 + (-5)/(-2)) is divided by 5?
3
Suppose 0 = z + 61 - 78. What is the remainder when z is divided by 4?
1
Let l(f) = -f**2 - 8*f + 4. What is the remainder when 19 is divided by l(-7)?
8
Let z(f) = f**2 - f - 3. Calculate the remainder when z(3) is divided by 1.
0
Calculate the remainder when 106 is divided by (39 - -1) + 1 + -5.
34
Let m(d) = -d**3 + 5*d**2 - 5*d + 6. Let n be m(4). Suppose -n*z = 4*k - 188, 5 - 49 = -k + z. Let g = -21 + 37. Calculate the remainder when k is divided by g.
14
Suppose -5*b + 107 = 3*u, 3*u + 2*b + 30 = 134. Suppose -2*c + 5 = -13. Suppose -3*o + c = -2*o. Calculate the remainder when u is divided by o.
7
Let n(h) = h**2 - 8*h - 1. Calculate the remainder when n(9) is divided by (2 - -2) + (-2 - -1).
2
Let m(w) = -w**3 + 6*w**2 - 5*w - 6. Let n be m(5). Let p = -5 - n. Calculate the remainder when p + (45 - (-3 + 3)) is divided by 16.
14
Let s = -17 + 63. Calculate the remainder when s is divided by (-1 + 2 + 1)*6.
10
Suppose -q + 44 + 51 = y, 100 = y - 4*q. Suppose y - 38 = l. Calculate the remainder when l is divided by 20.
18
Suppose -3*z = 4*s - s - 36, 3*z - 2*s = 51. Let k = 7 + 51. Calculate the remainder when k is divided by z.
13
Let h = 7 - -17. Calculate the remainder when h is divided by 9.
6
Suppose 0*v - 2*v + 32 = -4*q, -2 = -2*v - 2*q. What is the remainder when 10 is divided by v?
4
Let j = 8 + 18. Let r(g) = 1 - 55*g - 1 + 41*g. What is the remainder when j is divided by r(-1)?
12
Let m(p) = -p - 10. Let j be m(-9). Calculate the remainder when (j - -2) + 1 + 20 is divided by 12.
10
Let u be -1*(3 - -5 - 1). Let w = -7 - u. Suppose -3*l - y = -34, -2*l + 0*l - 3*y + 32 = w. Calculate the remainder when 29 is divided by l.
9
Let f be ((-6)/(-12))/((-2)/224). Let h = f + 89. What is the remainder when h is divided by 9?
6
Let k = 21 + -11. Calculate the remainder when 27 is divided by k.
7
Let k = -22 - -38. Suppose -5*q + k = -m, 2*q = m + 3 + 4. Suppose x + 19 = q*w, 2*w + 7*x - 22 = 3*x. Calculate the remainder when 26 is divided by w.
5
Let m(v) = -v**2 - 15*v + 1. Calculate the remainder when m(-12) is divided by (1/1)/(-2)*-38.
18
Suppose -15 = -3*u, 3*a + u - 31 = -4*u. Suppose -313 = -5*b - a*q, 5*b = 3*b + 3*q + 110. What is the remainder when b is divided by 21?
19
Suppose -4*n - 5 - 2 = -t, -2*n = 3*t - 63. What is the remainder when t is divided by (-2 + 3)*5*1?
4
Let k = -20 + 25. What is the remainder when 17 is divided by k?
2
What is the remainder when 15 is divided by (-2)/8*(-11 + -1)?
0
Suppose 5*d - 6 = 2*d. Let z(s) = 4 + s + 9 - 3. Calculate the remainder when z(-5) is divided by d.
1
What is the remainder when (1 - 0)*(144 - -11) is divided by 39?
38
Let o = 220 + -154. What is the remainder when o is divided by 30?
6
Let a(t) = t**3 + 7*t**2 + 5*t - 6. Let o be a(-6). Let h(l) = l**2 + l + 13. What is the remainder when 25 is divided by h(o)?
12
Let q = -3 + 4. Let h = -1 + q. Suppose h = -3*t + 51 + 33. Calculate the remainder when t is divided by 10.
8
Let l = 7 + 97. Calculate the remainder when l is divided by 35.
34
Let u = 24 + -18. What is the remainder when (-24)/(-1) - (2 - 0) is divided by u?
4
Suppose 2*i - 5 = i. Suppose -i*m + 66 = -3*x, 7 - 16 = -3*x. Calculate the remainder when 27 is divided by m.
12
Let y = 69 - 50. What is the remainder when 112 is divided by y?
17
Suppose -4*z - 30 = -6*z. Calculate the remainder when z is divided by 12/(-18) + 60/9.
3
Let h(f) = 6*f**2 + 5*f - 8. What is the remainder when h(-4) is divided by 24?
20
Let o be -2 - (-1 - 10/2). Let b = -10 - -22. Calculate the remainder when 959/28 + 3/o is divided by b.
11
Let l be 2/10 + 304/(-20). What is the remainder when 3/l - 96/(-5) is divided by 7?
5
Let g = -25 - -14. What is the remainder when 57 is divided by (-45)/(g/2 - -4)?
27
Let m(u) = u**3 - 3*u**2 - 5*u + 6. Suppose -4*z + 3*z = -4. What is the remainder when 6 is divided by m(z)?
0
Let r = 5 - 20. What is the remainder when -2*r/(9/3) is divided by 6?
4
Suppose -4*u = -3*j - 108, -3*u + 8 = 3*j - 52. What is the remainder when 78 is divided by u?
6
Let x = -3 - -11. Calculate the remainder when x is divided by 5.
3
Let o be 0 + (-1 - -2) + 3. Suppose 24 + 28 = o*c. What is the remainder when c is divided by 7?
6
Suppose 3*y - 5*d = 208, 0*y - 4*d = y - 41. Suppose 5*z - 103 = 52. Calculate the remainder when y is divided by z.
30
Let l = 4 - -6. Calculate the remainder when l is divided by 3.
1
Let r be (-1)/(-2)*-12*1. Calculate the remainder when 46 is divided by (-7 - 1)/(4/r).
10
Let h(o) = -o**3 + 5*o**2 - 6*o + 1. Let c be h(4). Let i(w) = w**3 + 6*w**2 - 8*w + 9. Calculate the remainder when i(c) is divided by 38/4 - (-4)/(-8).
7
Let n = -2 - -1. Let s be ((-20)/(-15))/(n/3). What is the remainder when 29 is divided by 1/(-2) - 42/s?
9
Let g(j) = 2*j**3 - 2*j**2 + 4*j - 3. Let r(m) = 32*m**2 - m. Let b be r(1). Let i = b + 7. Calculate the remainder when i is divided by g(2).
12
Suppose 3*v - 18 = 33. Let n = -3 - -52. What is the remainder when n is divided by v?
15
Suppose 8*m = 18*m - 200. Calculate the remainder when m is divided by 7.
6
Let l be 0 + -1*(2 - 4). Suppose 0 = -r - 5*o + 1, -4*r = r - l*o - 32. Calculate the remainder when 9 is divided by r.
3
Let y(t) = -t**3 + 2*t**2 - t + 10. Let r be 0/((-4)/((-4)/1)). What is the remainder when 17 is divided by y(r)?
7
Let d be (3 - 2 - -1) + -16. Let x = 19 + d. What is the remainder when 14 is divided by x?
4
Let g(v) = 13*v - 1. Let p = 87 - 62. Suppose 5*m + p = 60. What is the remainder when g(1) is divided by m?
5
Suppose 3*u - 3*c - 40 = -1, -3*c + 105 = 5*u. Calculate the remainder when u is divided by 7.
4
Suppose 2*c = a - 4 - 5, -5*c + 10 = 0. Calculate the remainder when a is divided by 7.
6
Let g = 24 - -49. Suppose -5*z = -g - 127. Calculate the remainder when z is divided by -8*-2*28/32.
12
Calculate the remainder when 0 + 26/(((-15)/6)/(-5)) is divided by 18.
16
Let v(q) = -14*q. Let t be v(-4). Suppose 4*u - 96 = -4*p, 5*u - t = -4*p + 35. Calculate the remainder when p is divided by 10.
9
Let m = 70 + -39. Calculate the remainder when 119 is divided by m.
26
Suppose -3*g + 12 = -3. Suppose 28 + 42 = 5*d. What is the remainder when d is divided by g?
4
Suppose 3*m - 302 = 2*y - 7*y, m - 182 = -3*y. Calculate the remainder when y is divided by (-42)/(-63) + -61*1/(-3).
19
What is the remainder when 5 is divided by (7 + -16)*2/(-6)?
2
Suppose z = 4*z - 42. Let x(l) = 8*l - 8. Calculate the remainder when x(6) is divided by z.
12
Let o(d) = -d**2 - 11*d - 8. Calculate the remainder when 77 is divided by o(-8).
13
Calculate the remainder when 125 i